ousands digit of 32022?
2
What is the hundreds digit of 7785?
7
What is the thousands digit of 3220?
3
What is the tens digit of 20963?
6
What is the tens digit of 1283?
8
What is the tens digit of 11994?
9
What is the tens digit of 94753?
5
What is the tens digit of 4296?
9
What is the tens digit of 193?
9
What is the hundreds digit of 459?
4
What is the ten thousands digit of 27483?
2
What is the ten thousands digit of 60634?
6
What is the hundreds digit of 4767?
7
What is the tens digit of 3429?
2
What is the hundreds digit of 1544?
5
What is the tens digit of 545?
4
What is the tens digit of 5536?
3
What is the thousands digit of 50948?
0
What is the thousands digit of 1531?
1
What is the ten thousands digit of 180393?
8
What is the ten thousands digit of 51658?
5
What is the units digit of 65471?
1
What is the tens digit of 1868?
6
What is the tens digit of 989?
8
What is the hundreds digit of 31695?
6
What is the ten thousands digit of 20495?
2
What is the ten thousands digit of 30727?
3
What is the units digit of 5416?
6
What is the units digit of 6907?
7
What is the hundreds digit of 37019?
0
What is the tens digit of 1596?
9
What is the thousands digit of 1460?
1
What is the tens digit of 661?
6
What is the ten thousands digit of 76474?
7
What is the thousands digit of 19002?
9
What is the units digit of 4018?
8
What is the hundreds digit of 842?
8
What is the ten thousands digit of 57391?
5
What is the units digit of 6?
6
What is the units digit of 7820?
0
What is the hundreds digit of 4721?
7
What is the tens digit of 398?
9
What is the hundreds digit of 646?
6
What is the units digit of 153230?
0
What is the hundreds digit of 207362?
3
What is the hundreds digit of 323?
3
What is the thousands digit of 37214?
7
What is the thousands digit of 34867?
4
What is the units digit of 48220?
0
What is the units digit of 1295?
5
What is the thousands digit of 1144?
1
What is the units digit of 2188?
8
What is the tens digit of 6402?
0
What is the tens digit of 67893?
9
What is the tens digit of 210?
1
What is the tens digit of 72838?
3
What is the thousands digit of 5468?
5
What is the thousands digit of 113676?
3
What is the units digit of 173878?
8
What is the thousands digit of 66981?
6
What is the hundreds digit of 2765?
7
What is the thousands digit of 91820?
1
What is the ten thousands digit of 74160?
7
What is the hundreds digit of 4621?
6
What is the thousands digit of 1003?
1
What is the units digit of 167591?
1
What is the ten thousands digit of 16685?
1
What is the thousands digit of 4294?
4
What is the hundreds digit of 55228?
2
What is the hundreds digit of 32237?
2
What is the units digit of 3228?
8
What is the units digit of 186?
6
What is the thousands digit of 2365?
2
What is the hundred thousands digit of 123665?
1
What is the hundreds digit of 787?
7
What is the units digit of 4390?
0
What is the tens digit of 1839?
3
What is the hundreds digit of 2040?
0
What is the thousands digit of 75108?
5
What is the hundreds digit of 1324?
3
What is the units digit of 5989?
9
What is the units digit of 572?
2
What is the thousands digit of 6432?
6
What is the thousands digit of 2024?
2
What is the units digit of 5326?
6
What is the tens digit of 1963?
6
What is the thousands digit of 5672?
5
What is the thousands digit of 12742?
2
What is the ten thousands digit of 22026?
2
What is the thousands digit of 2208?
2
What is the units digit of 10870?
0
What is the hundreds digit of 15126?
1
What is the hundreds digit of 1161?
1
What is the tens digit of 1026?
2
What is the units digit of 1704?
4
What is the units digit of 261?
1
What is the tens digit of 6411?
1
What is the units digit of 8296?
6
What is the thousands digit of 2186?
2
What is the tens digit of 1071?
7
What is the tens digit of 9958?
5
What is the thousands digit of 10825?
0
What is the units digit of 3847?
7
What is the thousands digit of 5631?
5
What is the tens digit of 674?
7
What is the ten thousands digit of 122851?
2
What is the tens digit of 170?
7
What is the hundreds digit of 1185?
1
What is the hundreds digit of 64775?
7
What is the tens digit of 984?
8
What is the hundreds digit of 4182?
1
What is the tens digit of 2050?
5
What is the units digit of 533?
3
What is the hundreds digit of 86053?
0
What is the hundreds digit of 7842?
8
What is the hundreds digit of 510?
5
What is the ten thousands digit of 15627?
1
What is the thousands digit of 86529?
6
What is the units digit of 2335?
5
What is the hundreds digit of 1089?
0
What is the units digit of 23802?
2
What is the units digit of 375?
5
What is the units digit of 5839?
9
What is the tens digit of 167?
6
What is the tens digit of 154045?
4
What is the hundreds digit of 1780?
7
What is the tens digit of 3489?
8
What is the units digit of 103?
3
What is the thousands digit of 5440?
5
What is the thousands digit of 30024?
0
What is the tens digit of 38?
3
What is the thousands digit of 166866?
6
What is the units digit of 17197?
7
What is the hundreds digit of 1038?
0
What is the hundreds digit of 2763?
7
What is the units digit of 6342?
2
What is the ten thousands digit of 83117?
8
What is the tens digit of 672?
7
What is the hundreds digit of 4016?
0
What is the hundreds digit of 2675?
6
What is the thousands digit of 3430?
3
What is the hundreds digit of 7751?
7
What is the tens digit of 3168?
6
What is the tens digit of 690?
9
What is the tens digit of 106137?
3
What is the ten thousands digit of 95614?
9
What is the hundreds digit of 106595?
5
What is the tens digit of 252?
5
What is the tens digit of 407?
0
What is the ten thousands digit of 35549?
3
What is the hundreds digit of 6050?
0
What is the thousands digit of 5023?
5
What is the units digit of 89610?
0
What is the ten thousands digit of 28340?
2
What is the hundreds digit of 3506?
5
What is the units digit of 79530?
0
What is the thousands digit of 7977?
7
What is the units digit of 1890?
0
What is the units digit of 26905?
5
What is the units digit of 542?
2
What is the tens digit of 126650?
5
What is the tens digit of 61207?
0
What is the hundreds digit of 128805?
8
What is the hundreds digit of 32806?
8
What is the thousands digit of 1054?
1
What is the ten thousands digit of 42210?
4
What is the units digit of 1117?
7
What is the units digit of 324?
4
What is the tens digit of 5381?
8
What is the tens digit of 605?
0
What is the tens digit of 737?
3
What is the ten thousands digit of 12524?
1
What is the thousands digit of 3516?
3
What is the tens digit of 5985?
8
What is the hundreds digit of 4236?
2
What is the units digit of 7140?
0
What is the thousands digit of 10189?
0
What is the units digit of 1215?
5
What is the thousands digit of 1326?
1
What is the hundreds digit of 1882?
8
What is the hundreds digit of 557?
5
What is the units digit of 1136?
6
What is the ten thousands digit of 26555?
2
What is the units digit of 581?
1
What is the tens digit of 480?
8
What is the units digit of 8969?
9
What is the thousands digit of 18905?
8
What is the tens digit of 13755?
5
What is the hundreds digit of 73159?
1
What is the thousands digit of 13628?
3
What is the tens digit of 97?
9
What is the thousands digit of 26319?
6
What is the tens digit of 343?
4
What is the thousands digit of 16161?
6
What is the thousands digit of 5279?
5
What is the thousands digit of 1694?
1
What is the hundreds digit of 627?
6
What is the thousands digit of 37532?
7
What is the thousands digit of 2305?
2
What is the hundreds digit of 1983?
9
What is the hundreds digit of 697?
6
What is the ten thousands digit of 88844?
8
What is the tens digit of 42063?
6
What is the hundreds digit of 96617?
6
What is the thousands digit of 159171?
9
What is the units digit of 604?
4
What is the tens digit of 3009?
0
What is the hundreds digit of 1500?
5
What is the thousands digit of 5010?
5
What is the tens digit of 1160?
6
What is the tens digit of 2742?
4
What is the thousands digit of 25215?
5
What is the thousands digit of 120527?
0
What is the units digit of 280?
0
What is the thousands digit of 1055?
1
What is the hundreds digit of 457?
4
What is the units digit of 9579?
9
What is the hundreds digit of 5755?
7
What is the units digit of 1761?
1
What is the units digi